
{"id":138,"date":"2019-06-10T22:05:39","date_gmt":"2019-06-10T20:05:39","guid":{"rendered":"https:\/\/przedszkole74.edu.wroclaw.pl\/?page_id=138"},"modified":"2022-10-27T12:19:39","modified_gmt":"2022-10-27T10:19:39","slug":"konkursy","status":"publish","type":"page","link":"https:\/\/przedszkole74.edu.wroclaw.pl\/index.php\/o-nas\/konkursy\/","title":{"rendered":"Konkursy"},"content":{"rendered":"<div class=\"wpb-content-wrapper\"><p>[vc_row][vc_column][vc_gallery type=&#8221;image_grid&#8221; images=&#8221;6867&#8243; title=&#8221;My dzieciaki dbamy o swoje zwierzaki -konkurs mi\u0119dzyprzedszkolny ZLATA GR.IV&#8221;][vc_gallery type=&#8221;image_grid&#8221; images=&#8221;6595&#8243; title=&#8221;Praca Abi III gr. na konkurs plastyczny TOZ &#8222;Wszystkie dzieciaki dbaj\u0105 o zwierzaki&#8222;&#8221;][vc_gallery type=&#8221;image_grid&#8221; images=&#8221;6238&#8243; title=&#8221;Drzewa wok\u00f3\u0142 nas -konkurs plastyczny Zuzia III gr.&#8221;][vc_video link=&#8221;https:\/\/youtu.be\/rFtBD1yA7Mk&#8221; el_width=&#8221;70&#8243; title=&#8221;VI Festiwal Wielokulturowych D\u017awi\u0119k\u00f3w i Ruchu&#8221;][vc_single_image image=&#8221;5371&#8243; onclick=&#8221;img_link_large&#8221; title=&#8221;Konkurs &#8222;Zabawa s\u0142owem malowane&#8222; Natalka Miko\u0142ajczak &#8222;\u017buk&#8222;&#8221;][vc_video link=&#8221;https:\/\/youtu.be\/bbxbXaIGjyk&#8221; el_width=&#8221;70&#8243; title=&#8221;Konkurs &#8222;Zabawa s\u0142owem malowane&#8222; Helena Pachuta &#8222;\u017buk&#8222;&#8221;][vc_video link=&#8221;https:\/\/youtu.be\/sO3xB7wHStg&#8221; el_width=&#8221;70&#8243; title=&#8221;KONKURS RECYTATORSKI &#8222;WITAJCIE W NASZEJ BAJCE&#8222; JA\u015a ROGAL &#8222;LE\u0143&#8222;&#8221;][vc_video link=&#8221;https:\/\/youtu.be\/foOexKUZGAY&#8221; el_width=&#8221;70&#8243; title=&#8221;KONKURS RECYTATORSKI &#8222;WITAJCIE W NASZEJ BAJCE&#8222; HELENA PACHUTA &#8222;\u017bABA&#8222;&#8221;][vc_video link=&#8221;https:\/\/youtu.be\/Oml-iP5OAyU&#8221; el_width=&#8221;70&#8243; title=&#8221;19 FESTIWAL TA\u0143CZ\u0104CYCH PRZEDSZKOLAK\u00d3W&#8221;][vc_gallery type=&#8221;image_grid&#8221; images=&#8221;4977&#8243; title=&#8221;Praca konkursowa Natalia II gr. &#8222;Wiosenni odkrywcy&#8222;&#8221;][vc_gallery type=&#8221;image_grid&#8221; images=&#8221;4976&#8243; title=&#8221;Praca Hani z II gr. na konkurs miedzyprzedszkolny &#8222;W lesie zdrowo na sportowo&#8222;&#8221;][vc_gallery type=&#8221;image_grid&#8221; images=&#8221;4971,4972,4973,4974,4969,4968,4967,4966,4965,4964,4963,4962,4961,4960,4953,4954,4955,4956,4957,4958,4959,4952&#8243; onclick=&#8221;img_link_large&#8221; custom_links_target=&#8221;_blank&#8221; title=&#8221;Konkurs &#8222;Mleko w obiektywie&#8222; w ramach projektu &#8222;Dzieciaki Mleczaki&#8222;&#8221;][vc_video link=&#8221;https:\/\/youtu.be\/tj-OdnjpMXU&#8221; el_width=&#8221;70&#8243; title=&#8221;&#8222;KRAKOWIAK&#8222; W WYKONANIU DZIECI Z IV GRUPY NA KONKURS &#8222;LUDOWE INSPIRACJE&#8222;&#8221;][vc_gallery type=&#8221;image_grid&#8221; images=&#8221;4643,4641,4642&#8243; onclick=&#8221;img_link_large&#8221; title=&#8221;Konkurs &#8222;Maska karnawa\u0142owa&#8222;&#8221;][vc_gallery type=&#8221;image_grid&#8221; images=&#8221;4637,4638,4639&#8243; onclick=&#8221;img_link_large&#8221; custom_links_target=&#8221;_blank&#8221; title=&#8221;Konkurs Genialny Pi\u0119ciolatek\/Genialny Sze\u015bciolatek&#8221;][vc_single_image image=&#8221;213&#8243; img_size=&#8221;large&#8221; alignment=&#8221;center&#8221; title=&#8221;Festiwal Ta\u0144cz\u0105cych Przedszkolak\u00f3w &#8211; fina\u0142owa gala laureat\u00f3w&#8221;][vc_single_image image=&#8221;215&#8243; img_size=&#8221;large&#8221; alignment=&#8221;center&#8221; title=&#8221;VII Festiwal Zdrowia&#8221;][vc_single_image image=&#8221;216&#8243; img_size=&#8221;large&#8221; alignment=&#8221;center&#8221; title=&#8221;I Dzieci\u0119ca Spartakiada Przedszkoli Promuj\u0105cych Zdrowie 01.06.2015&#8243;][vc_single_image image=&#8221;217&#8243; img_size=&#8221;large&#8221; alignment=&#8221;center&#8221; title=&#8221;Rajd Smoka Strachoty 27.05.2015&#8243;][vc_single_image image=&#8221;218&#8243; img_size=&#8221;large&#8221; alignment=&#8221;center&#8221; title=&#8221;XVI Wroc\u0142awski Festiwal Ta\u0144cz\u0105cych Przedszkolak\u00f3w 28.04.2015&#8243;][vc_single_image image=&#8221;219&#8243; img_size=&#8221;large&#8221; alignment=&#8221;center&#8221; title=&#8221;Konkurs &#8222;Z ekologi\u0105 na ty&#8222;&#8221;][vc_single_image image=&#8221;220&#8243; img_size=&#8221;large&#8221; alignment=&#8221;center&#8221; title=&#8221;I Przegl\u0105d Recytatorski &#8222;Polscy poeci dzieciom&#8222;&#8221;][vc_single_image image=&#8221;221&#8243; img_size=&#8221;large&#8221; alignment=&#8221;center&#8221; title=&#8221;Taneczna gala przedszkolaka 06.08.2015&#8243;][vc_single_image image=&#8221;222&#8243; img_size=&#8221;large&#8221; alignment=&#8221;center&#8221; title=&#8221;Przegl\u0105d taneczny &#8222;Obie\u017cy\u015bwiat&#8222; Kwiecie\u0144 2014&#8243;][vc_single_image image=&#8221;223&#8243; img_size=&#8221;large&#8221; alignment=&#8221;center&#8221; title=&#8221;XII Festiwal Ta\u0144cz\u0105cych Przedszkolak\u00f3w&#8221;][\/vc_column][\/vc_row]<\/p>\n<\/div>","protected":false},"excerpt":{"rendered":"<p>[vc_row][vc_column][vc_gallery type=&#8221;image_grid&#8221; images=&#8221;6867&#8243; title=&#8221;My dzieciaki dbamy o swoje zwierzaki -konkurs mi\u0119dzyprzedszkolny ZLATA GR.IV&#8221;][vc_gallery type=&#8221;image_grid&#8221; images=&#8221;6595&#8243; title=&#8221;Praca Abi III gr. na konkurs plastyczny TOZ &#8222;Wszystkie dzieciaki dbaj\u0105 o zwierzaki&#8222;&#8221;][vc_gallery type=&#8221;image_grid&#8221; images=&#8221;6238&#8243; [&hellip;]<\/p>\n","protected":false},"author":99,"featured_media":0,"parent":69,"menu_order":0,"comment_status":"closed","ping_status":"closed","template":"","meta":{"ngg_post_thumbnail":0,"footnotes":""},"class_list":["post-138","page","type-page","status-publish","hentry","clearfix"],"_links":{"self":[{"href":"https:\/\/przedszkole74.edu.wroclaw.pl\/index.php\/wp-json\/wp\/v2\/pages\/138","targetHints":{"allow":["GET"]}}],"collection":[{"href":"https:\/\/przedszkole74.edu.wroclaw.pl\/index.php\/wp-json\/wp\/v2\/pages"}],"about":[{"href":"https:\/\/przedszkole74.edu.wroclaw.pl\/index.php\/wp-json\/wp\/v2\/types\/page"}],"author":[{"embeddable":true,"href":"https:\/\/przedszkole74.edu.wroclaw.pl\/index.php\/wp-json\/wp\/v2\/users\/99"}],"replies":[{"embeddable":true,"href":"https:\/\/przedszkole74.edu.wroclaw.pl\/index.php\/wp-json\/wp\/v2\/comments?post=138"}],"version-history":[{"count":22,"href":"https:\/\/przedszkole74.edu.wroclaw.pl\/index.php\/wp-json\/wp\/v2\/pages\/138\/revisions"}],"predecessor-version":[{"id":6868,"href":"https:\/\/przedszkole74.edu.wroclaw.pl\/index.php\/wp-json\/wp\/v2\/pages\/138\/revisions\/6868"}],"up":[{"embeddable":true,"href":"https:\/\/przedszkole74.edu.wroclaw.pl\/index.php\/wp-json\/wp\/v2\/pages\/69"}],"wp:attachment":[{"href":"https:\/\/przedszkole74.edu.wroclaw.pl\/index.php\/wp-json\/wp\/v2\/media?parent=138"}],"curies":[{"name":"wp","href":"https:\/\/api.w.org\/{rel}","templated":true}]}}