
{"id":131,"date":"2019-05-28T22:01:08","date_gmt":"2019-05-28T20:01:08","guid":{"rendered":"https:\/\/przedszkole74.edu.wroclaw.pl\/?page_id=131"},"modified":"2026-03-09T11:32:29","modified_gmt":"2026-03-09T10:32:29","slug":"grupy-2","status":"publish","type":"page","link":"https:\/\/przedszkole74.edu.wroclaw.pl\/index.php\/o-nas\/grupy-2\/","title":{"rendered":"Grupy"},"content":{"rendered":"<div class=\"wpb-content-wrapper\"><p>[vc_row][vc_column][vc_column_text css=&#8221;&#8221;]<\/p>\r\n<div class=\"wp-block-columns has-2-columns\">\r\n<div class=\"wp-block-column is-layout-flow wp-block-column-is-layout-flow\">\r\n<h2><a href=\"https:\/\/przedszkole74.edu.wroclaw.pl\/?page_id=403\" target=\"_blank\" rel=\"noopener noreferrer\">Grupa I<\/a><\/h2>\r\n<p class=\"naglowek1\"><b>NAUCZYCIELKI<\/b><b>:<\/b><\/p>\r\n<p><span style=\"font-family: tahoma, arial, helvetica, sans-serif;color: #339966\">mgr HANNA DARSKA -nauczyciel pocz\u0105tkuj\u0105cy<\/span><\/p>\r\n<p><span style=\"color: #319439;font-family: Tahoma\">mgr MARZENA TERKA -nauczyciel dyplomowany<\/span><\/p>\r\n<p><span style=\"color: #319439;font-family: Tahoma\">mgr BARBARA KRAMARZEWSKA &#8211; nauczyciel dyplomowany<\/span><\/p>\r\n<p>&nbsp;<\/p>\r\n<p><span style=\"color: #319439;font-family: Tahoma\">MA\u0141GORZATA \u0141ATA -pomoc nauczyciela<\/span><\/p>\r\n<p>&nbsp;<\/p>\r\n<p>&nbsp;<\/p>\r\n<\/div>\r\n\r\n\r\n\r\n<div class=\"wp-block-column is-layout-flow wp-block-column-is-layout-flow\">\r\n<h2><a href=\"https:\/\/przedszkole74.edu.wroclaw.pl\/?page_id=410\" target=\"_blank\" rel=\"noopener noreferrer\">Grupa II<\/a><\/h2>\r\n<p class=\"naglowek1\"><b>NAUCZYCIELKI:<\/b><\/p>\r\n<p><span style=\"color: #319439;font-family: Tahoma\">mgr MILENA DE OLIVEIRA MOURA -nauczyciel pocz\u0105tkuj\u0105cy<\/span><\/p>\r\n<p><span style=\"color: #319439;font-family: Tahoma\">mgr MONIKA MA\u0106KOWIAK -nauczyciel dyplomowany<\/span><\/p>\r\n<p><span style=\"font-family: tahoma, arial, helvetica, sans-serif;color: #339966\">mgr MONIKA W\u00d3JCIK<\/span><\/p>\r\n<p>&nbsp;<\/p>\r\n<p><span style=\"font-family: tahoma, arial, helvetica, sans-serif;color: #339966\">SYLWIA MATYKA -pomoc nauczyciela<\/span><\/p>\r\n<p>&nbsp;<\/p>\r\n<\/div>\r\n<\/div>\r\n<!-- \/wp:post-content -->\r\n<p>&nbsp;<\/p>\r\n<!-- wp:columns {\"className\":\"has-2-columns\"} -->\r\n<div class=\"wp-block-columns has-2-columns\"><!-- wp:column -->\r\n<div class=\"wp-block-column\"><!-- wp:tadv\/classic-paragraph -->\r\n<h2><a href=\"https:\/\/przedszkole74.edu.wroclaw.pl\/?page_id=414\" target=\"_blank\" rel=\"noopener noreferrer\">Grupa III<\/a><\/h2>\r\n<p class=\"naglowek1\"><b>NAUCZYCIELKI:<\/b><\/p>\r\n<p><span style=\"color: #319439;font-family: Tahoma\">mgr ANNA DANILUK-\u015aCIBURA -nauczyciel dyplomowany<\/span><\/p>\r\n<p><span style=\"color: #319439;font-family: Tahoma\">mgr KAROLINA NASADOWSKA -AUGU\u015aCIAK -nauczyciel mianowany<\/span><\/p>\r\n<p>&nbsp;<\/p>\r\n<p><span style=\"font-family: tahoma, arial, helvetica, sans-serif;color: #339966\">JADWIGA HORNIK -pomoc nauczyciela<\/span><\/p>\r\n<p>&nbsp;<\/p>\r\n<p>&nbsp;<\/p>\r\n<!-- \/wp:tadv\/classic-paragraph --><\/div>\r\n<!-- \/wp:column -->\r\n\r\n<!-- wp:column -->\r\n<div class=\"wp-block-column\"><!-- wp:tadv\/classic-paragraph -->\r\n<h2><a href=\"https:\/\/przedszkole74.edu.wroclaw.pl\/?page_id=417\" target=\"_blank\" rel=\"noopener noreferrer\">Grupa IV<\/a><\/h2>\r\n<p class=\"naglowek1\"><b>NAUCZYCIELKI:<\/b><\/p>\r\n<p class=\"naglowek1\"><span style=\"color: #319439;font-family: Tahoma\">mgr KARINA NIEBOROWSKA -nauczyciel dyplomowany<\/span><\/p>\r\n<p><span style=\"color: #319439;font-family: Tahoma\">mgr MAGDALENA\u00a0 JENZ -nauczyciel mianowany<\/span><\/p>\r\n<p>&nbsp;<\/p>\r\n<p><span style=\"font-family: tahoma, arial, helvetica, sans-serif;color: #339966\">ANNA JAKUBOWSKA -pomoc nauczyciela<\/span><\/p>\r\n<!-- \/wp:tadv\/classic-paragraph --><\/div>\r\n<!-- \/wp:column --><\/div>\r\n<!-- \/wp:columns -->\r\n<p>&nbsp;<\/p>\r\n<p>[\/vc_column_text][\/vc_column][\/vc_row]<\/p><\/div>","protected":false},"excerpt":{"rendered":"<p>[vc_row][vc_column][vc_column_text css=&#8221;&#8221;] Grupa I NAUCZYCIELKI: mgr HANNA DARSKA -nauczyciel pocz\u0105tkuj\u0105cy mgr MARZENA TERKA -nauczyciel dyplomowany mgr BARBARA KRAMARZEWSKA &#8211; nauczyciel dyplomowany &nbsp; MA\u0141GORZATA \u0141ATA -pomoc nauczyciela &nbsp; &nbsp; Grupa II [&hellip;]<\/p>\n","protected":false},"author":99,"featured_media":0,"parent":69,"menu_order":0,"comment_status":"closed","ping_status":"closed","template":"","meta":{"ngg_post_thumbnail":0,"footnotes":""},"class_list":["post-131","page","type-page","status-publish","hentry","clearfix"],"_links":{"self":[{"href":"https:\/\/przedszkole74.edu.wroclaw.pl\/index.php\/wp-json\/wp\/v2\/pages\/131","targetHints":{"allow":["GET"]}}],"collection":[{"href":"https:\/\/przedszkole74.edu.wroclaw.pl\/index.php\/wp-json\/wp\/v2\/pages"}],"about":[{"href":"https:\/\/przedszkole74.edu.wroclaw.pl\/index.php\/wp-json\/wp\/v2\/types\/page"}],"author":[{"embeddable":true,"href":"https:\/\/przedszkole74.edu.wroclaw.pl\/index.php\/wp-json\/wp\/v2\/users\/99"}],"replies":[{"embeddable":true,"href":"https:\/\/przedszkole74.edu.wroclaw.pl\/index.php\/wp-json\/wp\/v2\/comments?post=131"}],"version-history":[{"count":27,"href":"https:\/\/przedszkole74.edu.wroclaw.pl\/index.php\/wp-json\/wp\/v2\/pages\/131\/revisions"}],"predecessor-version":[{"id":7059,"href":"https:\/\/przedszkole74.edu.wroclaw.pl\/index.php\/wp-json\/wp\/v2\/pages\/131\/revisions\/7059"}],"up":[{"embeddable":true,"href":"https:\/\/przedszkole74.edu.wroclaw.pl\/index.php\/wp-json\/wp\/v2\/pages\/69"}],"wp:attachment":[{"href":"https:\/\/przedszkole74.edu.wroclaw.pl\/index.php\/wp-json\/wp\/v2\/media?parent=131"}],"curies":[{"name":"wp","href":"https:\/\/api.w.org\/{rel}","templated":true}]}}